False
Is 55782798 a multiple of 186?
False
Does 70 divide 1414725620?
True
Is 14 a factor of 87153612?
True
Is 17 a factor of 107275451?
False
Is 7 a factor of 13072647?
True
Is 36653014 a multiple of 1021?
False
Does 13 divide 230791184?
True
Does 251 divide 108579364?
False
Does 231 divide 4451832?
True
Is 11058775 a multiple of 175?
True
Is 35678712 a multiple of 332?
True
Is 1307518524 a multiple of 351?
True
Is 42 a factor of 160734939?
False
Does 26 divide 303982914?
False
Does 626 divide 1697620604?
True
Is 316062902 a multiple of 64?
False
Does 18 divide 12578863?
False
Is 13 a factor of 225982913?
True
Is 217 a factor of 200415031?
False
Is 123 a factor of 1323675811?
False
Is 271087632 a multiple of 4586?
True
Does 434 divide 4098499?
False
Does 5 divide 2979917?
False
Is 352 a factor of 25229248?
True
Does 3452 divide 340394000?
False
Is 10 a factor of 183238201?
False
Does 3032 divide 28552101?
False
Is 146250912 a multiple of 213?
True
Is 51375123 a multiple of 69?
True
Does 7 divide 61712070?
True
Does 1171 divide 265286939?
False
Does 431 divide 87606507?
False
Is 87002136 a multiple of 13?
True
Is 796063675 a multiple of 8789?
True
Is 773062384 a multiple of 46?
True
Is 19591954 a multiple of 17?
False
Does 2073 divide 158582284?
False
Is 1678259982 a multiple of 2017?
False
Is 39 a factor of 62008635?
True
Does 258 divide 100590080?
False
Is 5490668 a multiple of 83?
False
Is 34 a factor of 3295518?
True
Is 5067064 a multiple of 42?
False
Is 51728880 a multiple of 210?
True
Is 45 a factor of 87398258?
False
Is 115 a factor of 1101730449?
False
Is 31337160 even?
True
Does 166 divide 43788808?
True
Does 625 divide 38950625?
True
Is 54 a factor of 25123712?
False
Is 1046247210 a multiple of 3474?
True
Is 96656470 a multiple of 2130?
False
Is 1265 a factor of 8785425?
True
Does 990 divide 21593179?
False
Does 92 divide 2140101455?
False
Is 315187998 a multiple of 23?
True
Is 1030161490 a multiple of 5135?
False
Does 19 divide 487312927?
False
Is 45402885 a multiple of 197?
False
Does 1955 divide 36183140?
True
Is 160 a factor of 4473175527?
False
Is 6791 a factor of 1466366396?
False
Is 8476332 a multiple of 129?
True
Is 898 a factor of 20654891?
False
Is 231438152 a multiple of 105?
False
Does 148 divide 43832420?
True
Is 8504 a factor of 2441770528?
True
Does 274 divide 397554857?
False
Is 100878595 a multiple of 2514?
False
Is 2037 a factor of 222429250?
False
Is 115 a factor of 14272535?
True
Does 727 divide 52439237?
True
Is 227 a factor of 1309338043?
True
Is 2905 a factor of 3264011520?
True
Is 286 a factor of 94490910?
False
Is 305 a factor of 50260645?
True
Does 16 divide 306342336?
True
Is 55 a factor of 36476000?
True
Is 16941176 a multiple of 1714?
True
Is 248 a factor of 15610698?
False
Is 5479825 a multiple of 3?
False
Does 4475 divide 1171477081?
False
Is 816 a factor of 3299253?
False
Is 850689014 a multiple of 67?
False
Is 1209 a factor of 51538346?
False
Is 12907338 a multiple of 448?
False
Is 349804104 a multiple of 1204?
False
Does 206 divide 38582564?
True
Does 1870 divide 27057030?
True
Is 4102 a factor of 525394003?
False
Is 105430817 a multiple of 779?
False
Is 170084421 a multiple of 13?
True
Does 12 divide 15392460?
True
Is 3410898 a multiple of 5?
False
Is 179 a factor of 62160256?
True
Is 373708153 a multiple of 147?
False
Is 338 a factor of 9648358?
False
Is 33623567 a multiple of 8?
False
Is 289765 a multiple of 595?
True
Is 19212400 a multiple of 205?
False
Is 4308978590 a multiple of 14261?
False
Is 1677 a factor of 159706520?
False
Is 472111761 a multiple of 51?
False
Is 127 a factor of 26843228?
True
Does 74 divide 644668908?
True
Does 7 divide 29053617?
False
Is 44473462 a multiple of 17?
True
Is 12318 a factor of 3386092518?
False
Is 41802248 a multiple of 8?
True
Is 728 a factor of 794217678?
False
Is 187905714 a multiple of 4938?
True
Is 110129357 a multiple of 15?
False
Is 163068268 a multiple of 1820?
False
Is 195322323 a multiple of 7?
True
Is 33 a factor of 11990872?
False
Is 888 a factor of 232016640?
True
Is 25117915 a multiple of 40?
False
Does 56 divide 98321185?
False
Does 34 divide 461006?
True
Does 2864 divide 63773675?
False
Does 13 divide 1394185676?
True
Is 92322624 a multiple of 24?
True
Is 2099332176 a multiple of 276?
True
Is 129288300 a multiple of 30?
True
Does 590 divide 48656041?
False
Is 3252 a factor of 115997223?
False
Does 1090 divide 76404640?
True
Is 343973175 a multiple of 195?
True
Is 41 a factor of 19387805?
False
Is 46656770 a multiple of 205?
True
Is 696202385 a multiple of 1626?
False
Is 96474144 a multiple of 156?
True
Is 547 a factor of 400640304?
True
Is 205 a factor of 31412355?
True
Does 11 divide 36288793?
False
Is 9 a factor of 36587175?
False
Is 156814238 a multiple of 2226?
False
Is 47374906 a multiple of 83?
True
Is 809388001 a multiple of 489?
False
Does 26 divide 296003448?
True
Is 33443865 a multiple of 117?
True
Is 27972800 a multiple of 704?
False
Is 3 a factor of 2240387?
False
Does 91 divide 47861643?
False
Does 86 divide 28142640?
True
Is 21647999 a multiple of 116?
False
Does 34 divide 35898424?
True
Does 1976 divide 7162520?
False
Does 8 divide 166314152?
True
Does 4639 divide 373331788?
False
Does 90 divide 10016730?
True
Is 320 a factor of 193281920?
True
Does 20 divide 1164495100?
True
Is 895 a factor of 746862815?
False
Is 141 a factor of 20926515?
True
Is 10905 a factor of 2866924500?
True
Does 263 divide 127179699?
True
Is 12 a factor of 63904392?
True
Is 1177523284 a multiple of 81?
False
Does 86 divide 502901856?
True
Is 39 a factor of 11662517?
False
Does 258 divide 5404068?
True
Does 4350 divide 39296062?
False
Is 279 a factor of 129457649?
False
Does 674 divide 155537632?
True
Does 9 divide 644930161?
False
Does 27 divide 643828851?
True
Does 12 divide 67696823?
False
Does 3 divide 4993213?
False
Is 4070 a factor of 1145847450?
True
Is 259919381 a multiple of 1429?
True
Does 61 divide 28418619?
True
Does 1154 divide 2960010?
True
Does 467 divide 84436869?
True
Is 388196449 a multiple of 141?
False
Does 7 divide 649848?
False
Is 13 a factor of 1472604419?
True
Does 7 divide 95198567?
False
Is 50847117 a multiple of 951?
True
Is 277 a factor of 520891723?
False
Is 116 a factor of 15359295?
False
Does 1179 divide 83846530?
False
Is 77267351 a multiple of 33?
False
Is 1884800 a multiple of 62?
True
Is 63 a factor of 2885239917?
True
Does 262 divide 826231935?
False
Does 6085 divide 402988129?
False
Is 18 a factor of 53590492?
False
Does 605 divide 67913371?
False
Is 4457953 a multiple of 4?
False
Does 22 divide 3408227350?
True
Does 1424 divide 299456253?
False
Does 120 divide 55555440?
True
Does 1196 divide 108398264?
True
Does 32 divide 55827904?
True
Does 4345 divide 65552995?
False
Does 49 divide 580378099?
True
Is 36399158 a multiple of 1764?
False
Is 314 a factor of 24072496?
True
Is 288222690 a multiple of 3030?
True
Is 6377628624 a multiple of 315?
False
Does 7 divide 2158306745?
True
Is 130 a factor of 64943945?
False
Is 24644820 a multiple of 12?
True
Is 856062 a multiple of 573?
True
Is 13 a factor of 2168331?
False
Is 65 a factor of 189051916?
False
Is 504 a factor of 805207618?
False
Does 24 divide 18472992?
True
Does 153 divide 5823945?
True
Is 406 a factor of 69371913?
False
Is 56206117 a multiple of 11?
True
Does 804 divide 326475456?
True
Is 135659407 a multiple of 18?
False
Is 1594 a factor of 63529685?
False
Is 43 a factor of 592344264?
True
Is 134 a factor of 8640856?
True
Is 68842858 a multiple of 917?
True
Does 6 divide 84942657?
False
Does 97 divide 65044029?
True
Does 51 divide 2614158?
True
Is 287090622 a multiple of 6?
True
Is 9 a factor of 39552268?
False
Does 26 divide 20271279?
False
Is 286 a factor of 170767740?
True
Is 229 a factor of 80301598?
True
Does 4 divide 14746674?
False
Is 276 a factor of 80875756?
False
Does 742 divide 361415000?
False
Is 1114772924 a multiple of 16?
False
Does 4 divide 4243918?
False
Is 397056838 a multiple of 24?
False
Does 1687 divide 1089548950?
True
Is 21 a factor of 59558144?
False
Is 3242382 a multiple of 13?
True
Does 5 divide 6616678?
False
Is 9438857 a multiple of 56?
False
Is 2730139330 a multiple of 2155?
True
Is 20964702 a multiple of 47?
False
Is 549400536 a 